17
Let m(n) = -2*n**3 + 29*n**2 + 269*n + 86. Determine m(21).
2
Let z(u) = u**3 - 124*u**2 - 1208*u - 97. Determine z(-9).
2
Let z(f) = 7*f**2 - 87*f + 2. Give z(13).
54
Let b(z) = -27*z**2 + 466*z + 356. Calculate b(18).
-4
Let n(h) = -426*h + 57084. What is n(134)?
0
Let l(p) = p**2 + 55*p - 35542. Calculate l(163).
-8
Let r(o) = 2*o**2 + 1547*o + 3087. What is r(-2)?
1
Let j(l) = 2*l**3 + 23*l**2 - 28*l - 27. Give j(-11).
402
Let c(d) = d**3 + 136*d**2 + 901*d - 268. Determine c(-129).
-10
Let t(s) = -s**3 + 5*s**2 + s - 10. Calculate t(5).
-5
Let v(d) = 3*d**3 - 67*d**2 - 376*d - 26. Calculate v(27).
28
Let l(z) = 32*z - 2303. What is l(78)?
193
Let u(l) = -12*l**2 - 3*l - 28. Determine u(-3).
-127
Let g(h) = 2*h**2 + 171*h + 3161. What is g(-27)?
2
Let g(t) = 36*t**2 - 34*t - 8. Determine g(2).
68
Let a(z) = 7*z**3 + 24*z**2 + 8*z - 16. Determine a(-1).
-7
Let j(c) = 560*c + 33035. Give j(-59).
-5
Let p(z) = 82*z - 59. Calculate p(5).
351
Let n(m) = -m**3 + 30*m**2 - 11*m - 526. Give n(29).
-4
Let b(l) = -2*l**2 - 35*l + 6. What is b(-18)?
-12
Let t(d) = -2*d**3 + 14*d**2 - 22*d + 71. What is t(6)?
11
Let z(n) = n**3 - 26*n**2 + 135*n - 40. Calculate z(19).
-2
Let j(g) = 95*g**2 - 270*g - 49. Calculate j(3).
-4
Let o(z) = 1750*z - 21001. Calculate o(12).
-1
Let o(m) = -4*m**3 - 9. Calculate o(3).
-117
Let w(h) = h**3 + 14*h**2 + 7*h + 338. Determine w(-15).
8
Let k(x) = -x**2 - 21*x - 65. What is k(-9)?
43
Let z(m) = -2*m**2 + 15*m + 156. What is z(-6)?
-6
Let j(v) = -20855*v - 83438. Determine j(-4).
-18
Let c(f) = -3*f**2 - 19*f + 43. Calculate c(2).
-7
Let z(l) = 55*l**2 + 826*l + 25. Give z(-15).
10
Let z(o) = -5*o - 501. Determine z(5).
-526
Let q(l) = l**3 - 16*l**2 - 385*l - 108. Give q(-13).
-4
Let y(l) = -15*l**2 + 1050*l + 33. Determine y(70).
33
Let m(r) = r**2 - 234*r + 8268. Calculate m(43).
55
Let g(q) = -q**2 + 30*q - 137. Calculate g(12).
79
Let s(v) = v**2 + 42*v + 201. Determine s(-30).
-159
Let z(w) = -4*w**2 - 60*w + 357. What is z(7)?
-259
Let l(m) = -19*m - 129. Calculate l(-8).
23
Let y(d) = -13*d - 16. Give y(-3).
23
Let m(j) = -j**3 - 508*j**2 - 6914*j + 24. Calculate m(-14).
-4
Let h(n) = 1978*n - 417355. Calculate h(211).
3
Let r(j) = j**2 - 12*j + 19. Calculate r(13).
32
Let b(r) = -2*r**3 + 285*r**2 + 430*r + 252. Give b(144).
-36
Let q(v) = -48*v - 53. Determine q(-4).
139
Let r(z) = -376*z - 442. Give r(-1).
-66
Let a(h) = -h**2 - 1153*h + 5784. What is a(5)?
-6
Let d(y) = y**3 + 34*y**2 + 38*y + 135. Calculate d(-33).
-30
Let a(z) = 4*z**2 + 12*z + 89. Give a(-9).
305
Let c(f) = f**3 + 12*f**2 + 16*f - 33. Give c(-10).
7
Let i(m) = 8*m - 298. Determine i(-15).
-418
Let a(x) = x**3 - 37*x**2 + 3*x - 111. Determine a(37).
0
Let n(r) = r**2 - 20*r + 27. Calculate n(19).
8
Let g(o) = 23*o**2 + 716*o + 108. Calculate g(-31).
15
Let w(f) = 201*f + 3506. What is w(-18)?
-112
Let y(f) = -17*f**3 - 6*f**2 - 2*f + 12. What is y(2)?
-152
Let l(a) = 20*a**3 - a**2 + 7*a + 13. Calculate l(-2).
-165
Let u(w) = w**3 - 11*w**2 - 19*w + 266. Calculate u(11).
57
Let a(d) = d**2 - 350*d + 29899. Give a(202).
3
Let d(g) = -6*g**2 - 44*g + 193. What is d(4)?
-79
Let h(t) = 74*t**2 - 16. Give h(3).
650
Let d(x) = 4*x**3 + 31*x**2 - 28*x - 169. What is d(-8)?
-9
Let n(b) = b**3 + 3*b**2 - 211*b - 61. What is n(-16)?
-13
Let i(k) = -19*k + 407. Calculate i(31).
-182
Let h(z) = 167*z + 17228. Calculate h(-103).
27
Let h(i) = 3*i**3 + 6*i**2 + 2*i + 19. What is h(-6)?
-425
Let s(o) = -o**3 - 11*o**2 - 16*o + 18. Calculate s(-9).
0
Let j(s) = 123*s - 19558. Determine j(159).
-1
Let c(u) = 5*u**2 + 494*u - 53. What is c(-99)?
46
Let i(t) = 2*t**2 - 116*t + 468. What is i(4)?
36
Let f(o) = -6*o**2 - 21*o - 63. Calculate f(-5).
-108
Let x(c) = -c**3 + 36*c + 73. Determine x(-4).
-7
Let c(k) = -k**3 - 30*k**2 - 122*k + 126. What is c(-6)?
-6
Let q(k) = 29*k - 1251. Determine q(43).
-4
Let m(y) = 646*y - 1279. Give m(2).
13
Let z(j) = -24*j - 114. Calculate z(-4).
-18
Let h(t) = -t + 5. Give h(-10).
15
Let g(z) = 269*z - 22593. Determine g(84).
3
Let v(a) = -13*a**2 - 25*a + 1869. What is v(-13)?
-3
Let f(j) = -7*j**3 + 11*j**2 + 38*j - 29. Give f(-4).
443
Let g(t) = -91*t**2 + 76*t. Calculate g(2).
-212
Let j(m) = m**2 - 7*m - 4. What is j(0)?
-4
Let i(u) = 43*u + 4006. Give i(-89).
179
Let u(h) = 1086*h - 10853. Calculate u(10).
7
Let o(n) = -17*n**3 + 5*n**2 - 30*n + 105. What is o(4)?
-1023
Let b(a) = -64*a + 138. Calculate b(5).
-182
Let i(c) = -2*c**3 + 5*c**2 + 121*c - 35. What is i(9)?
1
Let g(y) = y**2 + 610*y - 8099. Give g(13).
0
Let q(x) = -2*x**2 - 242*x + 4085. What is q(-136)?
5
Let d(c) = c**3 - 5*c**2 + 33*c - 110. What is d(4)?
6
Let s(n) = -16*n + 559. Calculate s(33).
31
Let c(m) = -m**3 + 22*m**2 - 21*m - 75. Calculate c(21).
-75
Let s(l) = 3*l**3 + 709*l**2 + 237*l + 232. Determine s(-236).
-4
Let x(l) = -2408*l - 57783. Calculate x(-24).
9
Let x(u) = 210*u**2 + 4832*u + 41. Give x(-23).
-5
Let c(i) = i**3 - 22*i**2 + 95*i + 157. Give c(15).
7
Let p(c) = c**3 + 26*c**2 + 71*c + 72. What is p(-23)?
26
Let t(n) = 3*n**2 - 17*n + 80. Calculate t(8).
136
Let j(l) = -76*l + 13. What is j(-5)?
393
Let c(t) = -3*t - 236. Determine c(-79).
1
Let n(m) = 330*m + 8577. Give n(-26).
-3
Let x(i) = -22*i - 15. Give x(-13).
271
Let t(v) = -v**2 - v + 35. Calculate t(7).
-21
Let x(m) = m**3 - 6*m**2 + 17*m - 15. Give x(3).
9
Let g(t) = -3*t**2 - 85*t - 120. Give g(-27).
-12
Let z(g) = -g**3 - 8*g**2 + 3*g - 156. Calculate z(-9).
-102
Let l(c) = -c**3 + 25*c**2 - 22*c - 31. What is l(24)?
17
Let l(i) = -3*i**2 + 125*i + 118. Give l(-1).
-10
Let j(o) = -120*o**3 - 3*o + 3. Calculate j(1).
-120
Let d(b) = b**2 - 15*b - 1258. Determine d(43).
-54
Let j(g) = g**3 - 49*g**2 + 42*g + 288. What is j(48)?
0
Let f(b) = 5*b + 230. What is f(-48)?
-10
Let j(l) = -l**3 + 70*l**2 + 181*l - 12654. What is j(70)?
16
Let g(t) = -9*t - 235. Give g(5).
-280
Let l(t) = 21*t**2 + 639*t + 291. Calculate l(-30).
21
Let z(o) = o**2 + 138*o - 1010. Give z(7).
5
Let y(d) = 148*d - 1623. What is y(11)?
5
Let j(u) = -3*u**3 - 359*u**2 + 146*u + 3130. Give j(-120).
10
Let n(t) = 2*t**2 + 8*t - 126. What is n(-12)?
66
Let b(w) = -w**3 + 390*w**2 - 14926*w + 1735. Determine b(347).
0
Let k(p) = -p**2 + 31*p - 24. Give k(29).
34
Let h(o) = -328*o**3 + 2*o**2 + 23*o + 22. Give h(-1).
329
Let a(q) = 21*q - 1159. What is a(55)?
-4
Let y(w) = w**2 - 8*w - 180. Determine y(18).
0
Let s(m) = 1996*m - 9975. Calculate s(5).
5
Let p(v) = -2*v**2 + 621*v + 10442. What is p(-16)?
-6
Let h(j) = -27*j + 332. What is h(13)?
-19
Let m(n) = 375*n + 335. Determine m(-1).
-40
Let i(o) = 157*o + 553. Give i(-6).
-389
Let x(g) = -4110*g - 4110. What is x(-1)?
0
Let i(v) = v**3 + 22*v**2 + 32*v - 463. What is i(-19)?
12
Let x(j) = -28*j**2 - 104*j + 33. Determine x(-4).
1
Let l(o) = o**3 - 10*o**2 + 26*o - 114. Calculate l(5).
-109
Let v(x) = x**3 - 4*x**2 - 24*x - 11. Give v(8).
53
Let x(o) = o**2 + 79*o + 1134. What is x(-58)?
-84
Let s(b) = b**2 + 134*b + 4219. What is s(-54)?
-101
Let c(p) = -184*p + 11036. What is c(60)?
-4
Let j(w) = -12*w**2 - 3299*w + 277. Give j(-275).
2
Let s(j) = -2*j**3 - 176*j**2 - 343*j + 89. Determine s(-86).
3
Let d(k) = -7*k**2 + 38*k + 85. Calculate d(7).
8
Let x(n) = n**3 + 3*n**2 - 70*n - 146. Calculate x(-2).
-2
Let m(i) = -20*i + 187. Calculate m(9).
7
Let m(l) = -12*l + 346. Give m(28).
10
Let v(o) = -2*o**3 + 20*o**2 + 17*o - 13. Determine v(9).
302
Let z(u) = 67*u + 161. What is z(-3)?
-40
Let b(a) = 276*a + 26473. What is b(-96)?
-23
Let k(g) = g**3 - 2*g**2 + 4*g + 16. Calculate k(3).
37
Let b(z) = -2*z**2 + 155*z - 2636. What is b(25)?
-11
Let n(r) = -9*r**2 + 44*r - 8. Give n(5).
-13
Let u(y) = 269*y + 83653. Calculate u(-311).
-6
Let p(u) = -210*u. Give p(-3).
630
Let x(q) = 2*q**3 - 23*q**2 - 24*q + 153. Calculate x(12).
9
Let j(b) = -5*b**2 - 57*b + 149. Give j(-14).
-33
Let s(t) = -t**2 + 10*t + 8. Determine s(9).
17
Let o(k) = -11*k + 58. Give o(15).
-107
Let t(w) = 882*w - 97906. What is t(111)?
-4
Let d(t) = -10*t**3 - 169*t**2 + 10*t - 115. Determine d(-17).
4
Let u(c) = -c**3 - 23*c**2 - 166*c - 2122. Give u(-20).
-2
Let t(f) = f**3 - 46*f**2 - 47*f + 28. Calculate t(47).
28
Let c(i) = 274*i + 3290. Determine c(-12).
2
Let i